 Suppose -4*o + 27 = h. Suppose -o*n = -0*n - 10. List the prime factors of n.
2
Suppose -2*d = h - 6 - 0, d = -3*h - 2. List the prime factors of -2*-1*(-3)/h.
3
Let x be (4 + 0)*(0 + 1). Suppose -7*z + 80 = -2*z - x*j, 5 = j. Suppose -h = -3*h + z. List the prime factors of h.
2, 5
Suppose -4*k + 2*k - 4 = 0. Let a be (k/6)/((-2)/18). Suppose t = 5, -a*l + 5*t = -2*l + 10. List the prime factors of l.
3, 5
Let c(j) be the first derivative of j**3 - j**2 - j + 2. Let a be c(-1). Suppose 0 = 4*m + u - 33 - 17, 2*m - a*u = 16. List the prime factors of m.
2, 3
Let v(l) = -l**2 + 11*l. Let k be v(8). Let s = -6 + k. List the prime factors of s.
2, 3
Suppose -8*j + 10*j - 164 = 0. List the prime factors of j.
2, 41
Let s = -23 - -29. Let y = s + 37. What are the prime factors of y?
43
Let q(p) = 84*p**3 - 3*p**2 + p + 1. List the prime factors of q(1).
83
Suppose -j - 19 = -2*j - 3*u, -5*j = -4*u. Suppose -2*g + 3*y = -1, 27 = 2*g + g + j*y. Let v = g - -9. What are the prime factors of v?
2, 7
Let o = 119 + -68. What are the prime factors of o?
3, 17
Suppose z = 5*f - 21, z + 0*z - 15 = -4*f. Suppose -5*q = -f*h + 19 + 43, -5*h + 69 = -2*q. What are the prime factors of h?
13
Let i be ((-70)/(-21))/(4/18). Suppose 0*j = -5*j - i. List the prime factors of j - (-15 + (-6)/3).
2, 7
Let d(w) = 64*w**2 - 11. Let k(a) = 21*a**2 - 4. Let c(f) = 3*d(f) - 8*k(f). List the prime factors of c(-1).
23
Let l(x) = -x**2 + 16*x + 7. List the prime factors of l(13).
2, 23
What are the prime factors of (-1)/(1*(-2)/6)?
3
Suppose -12 = -5*t + 3*h + 117, -2*t + 63 = -5*h. What are the prime factors of t?
2, 3
Let w(k) = -3*k + 4. Let z(a) = 5*a - 6. Let x(c) = 8*w(c) + 5*z(c). Let g be x(0). Let s(v) = -v**3 + 4*v**2 - 2*v + 1. What are the prime factors of s(g)?
5
Suppose 5*p = 92 + 73. What are the prime factors of p?
3, 11
Suppose 3*n + 29 = 2. Let a be (6/n)/(2/(-6)). List the prime factors of 1/(0 - a/(-18)).
3
Let q = -5 - -8. Suppose -3*x + 27 = -2*x - 5*y, -y = q*x - 17. Suppose 3*v + x = 4*v. List the prime factors of v.
7
Let m be (8/12)/(1/6). Suppose 3*h - 8*h = 0. Let d = m + h. List the prime factors of d.
2
Suppose 2*r = -5*o + 20, 5*r + 4*o - 60 + 27 = 0. Suppose -r*h = -4*h - 35. What are the prime factors of h?
5, 7
Let n(k) = 34*k - 10. List the prime factors of n(7).
2, 3, 19
Let o(i) = 10*i**2 + 8*i - 7. Let y(x) = -9*x**2 - 7*x + 6. Let f(j) = -6*o(j) - 7*y(j). Let k be 0 + 3*2/(-3). List the prime factors of f(k).
2, 5
Suppose 0 = -0*t - 2*t + 5*b - 1, 22 = -2*t - 2*b. Let v be 1 + -1 - (t - -6). Suppose v*h - 24 = -6. What are the prime factors of h?
3
Suppose m + 36 = 4*m. Suppose -k - m + 0 = 0. What are the prime factors of ((-2)/(-3))/(k/(-270))?
3, 5
Let m be (10/4)/((-1)/(-2)). Suppose 2*y + 12 = 4*d, 3*d - 1 + m = -5*y. Suppose 4*h - 4*n = 40, d*n + 34 = 2*h + 2*h. What are the prime factors of h?
7
Let o = 5 - 1. Suppose 5*b - 55 = o*t - 1, -2*t = 3*b - 28. Suppose p + p - z - 17 = 0, -z = -p + b. List the prime factors of p.
7
Suppose -5 = 2*j - 33. Suppose 5*z + 0*z = 3*i - j, 5*z - 34 = -3*i. What are the prime factors of i?
2
Suppose 2*d = 3 - 9. Let k(l) = -2*l - 4. List the prime factors of k(d).
2
Let r be 5 - (-2 + 2 + 3). Let w be r - (-4)/(-2) - -4. Suppose 0*o = -2*o - 10, w*o + 50 = 2*q. What are the prime factors of q?
3, 5
Let x be (0 - -5) + (-2 - 1). Suppose -4*u + 4*j + 56 = u, 0 = x*u - j - 20. What are the prime factors of u?
2
Suppose 0 = 10*h - 36 - 594. List the prime factors of h.
3, 7
Let a(o) = o**3 - 14*o**2 - o + 18. Let g be a(14). Suppose g*s - 88 = 88. What are the prime factors of s?
2, 11
Let r = 88 + -6. Suppose 2*a - 16 = r. Suppose 3*q + 2 = q, -q - a = -4*d. List the prime factors of d.
2, 3
Let w(l) = l**2 - 3*l. Suppose -5*z = -2*i - 41, z - 3*i - 30 = -2*z. List the prime factors of w(z).
2, 7
Let l(f) = 4*f + 3. Let w(r) = -4*r - 3. Let a(g) = -3*l(g) - 2*w(g). Let b = -5 - -2. List the prime factors of a(b).
3
Suppose 4*g = 8*g + 208. Let o = 29 + g. Let k = -16 - o. What are the prime factors of k?
7
List the prime factors of ((-5)/15)/((-1)/111).
37
Let u = 246 - 111. List the prime factors of u.
3, 5
Let y(j) = 26*j**2 - 2*j - 2. List the prime factors of y(-1).
2, 13
List the prime factors of 5/(-15) + 854/6.
2, 71
Let p(y) = 4 - 5*y**2 - 4 - 3*y - y**3 + 0. What are the prime factors of p(-6)?
2, 3
Suppose -1 = -4*l + 3*l, 3*n + 2*l - 104 = 0. What are the prime factors of n?
2, 17
Suppose 4*c - 3*s - 371 = 0, 2*s = -c + 2*c - 89. What are the prime factors of c?
5, 19
Suppose -2 = -3*y + 10. Suppose 0 = -q - y - 8. Let d = 22 + q. List the prime factors of d.
2, 5
List the prime factors of 361/5 - 8/(-10).
73
Let j(u) = -u + 1. Let w(t) be the second derivative of t**3/3 - 5*t**2 - t. Let s(k) = -j(k) - w(k). List the prime factors of s(0).
3
Let j(a) = 2*a**2 - 6*a - 1. Let v(u) = -u**2 + 3*u. Let t(p) = -3*j(p) - 7*v(p). List the prime factors of t(3).
3
Suppose 4*b - 946 = -7*b. List the prime factors of b.
2, 43
Suppose v - 2*b - 104 = 0, v - 105 = 4*b - b. List the prime factors of v.
2, 3, 17
Let d = 66 - 29. List the prime factors of d.
37
Let h = 0 - -2. Let r be (2 - h - -1) + -13. List the prime factors of r/((-4)/2) - -1.
7
Suppose k - 6*k + 1530 = 3*c, 4*k = -c + 1224. What are the prime factors of k?
2, 3, 17
Let b(f) = 17*f**2 - 2*f. What are the prime factors of b(-1)?
19
Let m(k) = k**2 - 12*k + 18. Let d be m(12). Suppose 0*i - 2*i = -d. List the prime factors of i.
3
Suppose 0*p - 4*m - 14 = -3*p, -2*p - 2*m + 14 = 0. What are the prime factors of (0 - (-4)/6)*p?
2
Let q(g) = -6*g - 3. List the prime factors of q(-6).
3, 11
Suppose 0 = 6*p - 4*p - 10. What are the prime factors of p?
5
Let s(q) = -2 + 0 + 20*q - 13*q. List the prime factors of s(3).
19
Suppose 30 = -3*x - 0. Let g = 17 - 33. Let u = x - g. What are the prime factors of u?
2, 3
Suppose 0 = 3*r - 12, 0 = 2*o - 6*r + r + 138. What are the prime factors of 8/(-12) - o/3?
19
Suppose 4*r - 268 - 92 = 0. Suppose 3*s = s + r. Suppose 2*u = 7*u - s. What are the prime factors of u?
3
Let w be (2/6)/((-8)/(-360)). Let s = w - -1. List the prime factors of s.
2
Let x(h) = -5*h + 5 + 3*h - h - 3*h. List the prime factors of x(-4).
29
Suppose -4*c - 3*j + 287 = 0, 5*j - 2*j - 15 = 0. What are the prime factors of 1371/51 + 8/c?
3
Suppose -r = f + f - 2, -3*f + 3*r = -21. Suppose f*s = -3*t + 45, 4*s + 2*t = 21 + 49. Let v = s + -12. List the prime factors of v.
2
Let w = -13 + 15. Suppose -13 - w = 3*m, -3*a = -5*m - 124. What are the prime factors of a?
3, 11
Suppose -5*s = -103 + 33. List the prime factors of s.
2, 7
Let x be (-1 + -1 - 1) + 13. Suppose -4*z = b - 0 - 2, -b = 2*z - x. What are the prime factors of b?
2, 3
Suppose 8 = -4*k - 2*n, 4*k - 5*n = 15 + 5. Suppose 3*a + 4*i - 27 = 0, a - 4*i + k = 25. What are the prime factors of a?
13
Let h be 9/3 + 1/1. Let z(i) = 3*i - 2. Let k be z(h). What are the prime factors of (k/(-15))/((-4)/18)?
3
Suppose 0 = 6*c - 3*c. Suppose -45 = -3*y - v, v + c*v + 25 = 2*y. List the prime factors of y.
2, 7
Suppose 57 = -3*g + 6*k - 3*k, g + 34 = 4*k. Let a be g/(-1) + (-1 - 2). List the prime factors of 2/a + 1310/55.
2, 3
Let u(i) = i**2 + 6*i + 21. What are the prime factors of u(-11)?
2, 19
Let o(y) = 29*y - 66. List the prime factors of o(6).
2, 3
Let b be 0 + 2 + (-6)/(-3). What are the prime factors of ((-2)/(-3))/(b/66)?
11
Suppose 3*i = 3*s - 2*i - 565, 0 = s - 4*i - 186. List the prime factors of s.
2, 5, 19
Let p = 176 - 115. List the prime factors of p.
61
Suppose -2*m = -2*h + m + 60, -2*m = 4*h - 152. What are the prime factors of h?
2, 3
Suppose 4*m - 3*f = -195, -8*m - 216 = -4*m + 4*f. Let s = -35 - m. List the prime factors of s.
2
Let l = 338 + -139. What are the prime factors of l?
199
Suppose c + 106 = 2*c - 3*o, o + 413 = 4*c. List the prime factors of c.
103
Suppose 3*c = -0*c + 3. Let s be 2/(-8) + c/4. Suppose s = 4*z - 8. List the prime factors of z.
2
Let t = -32 - -115. What are the prime factors of t?
83
Suppose 0*h + 2*h - 438 = 2*f, 5*f = 4*h - 880. What are the prime factors of h?
5, 43
Let q(b) = b**2 - 2*b + 1. Let u be q(2). Let s be u - -1*(10 - 2). What are the prime factors of (3/s)/(2/24)?
2
Suppose -3*p + 5*w = -2*p - 37, -3